f + 799 = 0. Is x composite?
True
Suppose 3*g = 4*g - 4. Let u be g/(-3 + -1)*-553. Let t = u + 34. Is t a prime number?
True
Suppose 4*a = a + 1635. Suppose q - a = -186. Is q composite?
False
Let g = -22 + 25. Is 4/(-1) + g - -258 prime?
True
Let h(p) = 8*p**2 + 46*p - 31. Is h(-18) a composite number?
False
Suppose 0 = 436*v - 454*v + 217746. Is v a prime number?
True
Is (-1)/((-16)/15802*2963 - -3) composite?
False
Let p(t) = 2*t**3 - 5*t**2 + 2*t - 3. Let v be p(4). Suppose -g + 27 = -m - 0*m, m + v = 2*g. Suppose b - 21 = -2*s, -4*s - g = -3*b + 87. Is b prime?
True
Let n be (-3)/(63/980) - (-2)/3. Let u = n + 95. Is u composite?
True
Let d(h) = -105*h**3 - 7*h**2 + 3*h + 7. Let c be d(5). Is (-6)/(-15) + c/(-30) a composite number?
False
Suppose 4*y - 163 - 413 = 0. Is -13 + 13 - (1 - y) a composite number?
True
Let y be 1/(((-2)/(-993))/2). Suppose -3*i + 9 = 3*b - 6*b, 6 = 4*b + 2*i. Suppose 3*s = -b*s + y. Is s prime?
True
Let j(y) = -612*y**3 - 2*y**2 - y. Let u = -6 - -5. Is j(u) prime?
False
Let v = 28 - 24. Suppose 0 = -3*t + 2*w + 1227, -w = v*t + 72 - 1697. Is t composite?
True
Suppose -139*r + 51364 = -135*r. Is r composite?
False
Suppose 3*m - 1437 - 21390 = 0. Is m prime?
False
Let r = 438 + 1204. Is r prime?
False
Let v(w) be the first derivative of 27*w**2 - 5*w - 1. Let y be (-12)/84 - (-44)/14. Is v(y) a composite number?
False
Suppose 454902 = 66*r - 24*r. Is r a composite number?
False
Let r(c) = 2*c + 6. Let s be r(3). Suppose p + 9 = w, 0 = 2*w - 4*w + 4*p + s. Is 2536/w + 1/(-3) composite?
False
Suppose -4*d - v + 8 = -0*d, -d - 9 = 3*v. Is 3129*(-4)/(d - 15) prime?
False
Suppose -51 - 7 = -2*t. Suppose 95 + 281 = 4*h. Let z = h - t. Is z a composite number?
True
Suppose 4*h - 3*i - 155954 = 0, -5*h + 4*i = 88810 - 283753. Is h composite?
True
Let m = -38 + 28. Let u be 2/2 - 280/m. Let p = -7 + u. Is p prime?
False
Suppose -2*n + u + 16390 = 0, 5*n - 3*u + 1925 - 42898 = 0. Is n a prime number?
False
Let x be (-2735)/2*12/(-5). Let z be 1*x/3*1. Suppose -4*c + 1086 + z = 0. Is c composite?
True
Let k(i) = 32*i**2 + 95*i + 31. Is k(16) a composite number?
False
Let b(g) = g**3 + 18*g**2 - 21*g - 14. Let v be b(-19). Suppose v*q = 20*q + 2060. Is q a prime number?
False
Suppose 0 = 25*f - 79849 + 19674. Is f prime?
False
Suppose -1615 = -60*z + 55*z + 4*j, -3*z = j - 952. Is z prime?
False
Suppose 0 = -3*k + 6*k - 6. Is (-29)/(5/(-410)*k) composite?
True
Suppose 40 = -s + 4*s - 5*i, i - 5 = -2*s. Suppose -3*j - 2*l = -6*l - 29, s*l = 5*j - 40. Suppose -m = n - 2*n - 85, 2*n = j*m - 259. Is m a composite number?
False
Suppose 5*i + 3*g - 19018 = 3123, -13271 = -3*i + 5*g. Is i a prime number?
False
Let g(c) = 19*c**2 - 5*c - 4. Let a be g(7). Suppose -4*y + u + a = 0, -u - 446 = -2*y + 2*u. Is y a composite number?
False
Suppose -139*t - 21876 = -143*t. Is t composite?
True
Let r be 28 + 1/(-2)*-4. Let d = r - 23. Suppose 742 = 4*b - 2*u, -d*u = -4*u + 3. Is b a prime number?
False
Let y be (-22)/(-6) + 1/3. Suppose 13 = 8*o - 19. Suppose -o*c = 4*s - 344, 5*c - y*s - 409 = -2*s. Is c prime?
True
Suppose -1055*z = -1066*z + 211123. Is z a prime number?
False
Let n be (-40)/(-15) - 6/9. Suppose -6*m = -3*i - n*m + 29, 4*i + 5*m = -13. Suppose -5*w - i*d = -5254, -3132 = -2*w - w + 5*d. Is w composite?
False
Let p(m) = 10*m**2 + 2*m + 0 + 0*m + m**3 + 4. Suppose -c = 20*o - 17*o + 30, -3*c - 54 = 5*o. Is p(o) prime?
True
Let i = 5148 - 775. Is i composite?
False
Suppose -368*g - 18344 = -376*g. Is g composite?
False
Let p(m) = -m - 8. Let o be p(-12). Suppose 2*v - 1494 = -o*v. Is v prime?
False
Let t be (-12)/7 - 14/49. Let a be ((-4)/(-6))/(t/(-57)). Suppose 0 = -0*y - y + a. Is y composite?
False
Let r(j) = -j - 2. Let v be r(-3). Let k be 6*v/2 - 2. Is 3/k + (-580)/(-2) composite?
False
Suppose 51*k = 55*k - 6988. Is k a prime number?
True
Let k(v) = 4284*v + 85. Is k(1) a prime number?
False
Suppose -5*x + 6418 - 1132 = 4*t, -8 = -4*x. Is t composite?
False
Let f = 4338 + 13319. Is f composite?
False
Suppose t - 7 = 3*j - 4*j, 5*j = -t + 23. Suppose -t*l + 2710 = 817. Is l composite?
False
Suppose 0 = 2*g + 6, 5*g + 10 = y - 0*y. Let d be 9*22/(-3)*(-15)/(-6). Is (0 - -1)*d/y a composite number?
True
Let m(n) = -n**2 + 7*n - 26. Let i be m(5). Let y = 765 - 1081. Is y*((-20)/i)/(-5) prime?
True
Is (-176)/220 - 77418/(-10) composite?
False
Is ((-32)/(-6) - 5)*(1956 + 3) a prime number?
True
Let m = -15 - -7. Let c = -2 - m. Is 2 - -1 - (0 - c) a prime number?
False
Suppose -d + 2 + 3 = 3*u, -2*d + 4*u + 30 = 0. Suppose 787 = -10*r + d*r. Is r prime?
True
Suppose -3*h - 4*l + 49487 = 0, 3*h = -3*l + 7878 + 41607. Is h composite?
False
Let l(j) = -40*j + 7. Let x be l(-10). Suppose 0 = 4*b + 3*g - 557, 5*b - x = -g + 303. Is b a prime number?
False
Let z(v) = -1292*v**3 + 4*v**2 + 3*v. Is z(-1) a composite number?
True
Suppose 0 = -7*w + 3*w + j + 13, 0 = -5*w + 5*j + 5. Is 1427*(5 + -4) - w composite?
False
Let s = -38 + 41. Suppose 18 = -s*f + 177. Is f composite?
False
Let w = -7159 - -12716. Is w a composite number?
False
Suppose -n + 6*n = -1400. Let t = n + 518. Is (t/4)/(5/10) prime?
False
Suppose 3*u - 7 + 1 = 0. Suppose 0 = u*o + 2*k - 656, 0*k - k + 1624 = 5*o. Suppose 0 = -y + o + 11. Is y a prime number?
False
Let l = -413 + 1271. Suppose -3*o = -9*o + l. Is o a prime number?
False
Suppose p + 14 = f - 4*p, -3*p + 14 = 5*f. Let z be f + (0 + 2 - 1). Suppose 1281 = z*d - 614. Is d a prime number?
True
Let h be (18/(-12))/((-2)/(-1540)). Let l = h - -2368. Is l prime?
True
Suppose -3*i - 2*s = 169, -5*i - 280 = 2*s + 3*s. Let z = 137 - 285. Let k = i - z. Is k a prime number?
False
Let w = 9814 + -4227. Is w a composite number?
True
Let l(j) = 3*j**2 - 1. Let r be l(1). Suppose -2*a = -5*m + 8351, 4*m + a = r*a + 6679. Suppose 2*y + 311 = m. Is y a prime number?
False
Let t = 5 + 1265. Suppose 0 = 6*b - t - 248. Is b prime?
False
Suppose 0 = 7*i - 894 - 2858. Let r = -373 + i. Suppose 0 = -6*p + 3*p + 2*t + r, -2*p - 3*t = -100. Is p prime?
True
Let w(r) = -2*r + 3 + 2 + 7*r**2 - 3*r**2 + 3*r**3. Let m be w(-4). Is (-2 + m/25)*-5 prime?
False
Let m(z) = -z. Let c be m(3). Is c/(-9) - (-608)/3 composite?
True
Suppose -5*u + 7 = -13. Let v = -17 + -1. Is u/v + (-924)/(-27) a composite number?
True
Let d be (-195)/6*64/20. Is (-1 + 2)*(d/(-2) - -1) prime?
True
Let s be (3 - (3 + 0))*-1. Suppose s = 2*p - 2*v - 16, -p - 3*v + 8*v = -12. Suppose 0 = -p*x + 6*x + 111. Is x a composite number?
True
Suppose 4*z = -4*j + 3440, -z - 2*j - j = -856. Suppose -9*y + 7*y = -z. Is y prime?
True
Let g be (3 - 6) + (814 - 2). Is -3 + (g - 3/1) a composite number?
True
Suppose -47*o + 853142 = 142643. Is o a prime number?
False
Let p be 2684 + (-4 - ((3 - 0) + -4)). Suppose -924 = -3*n + x + 1765, x = -3*n + p. Is n a prime number?
False
Suppose -18*s + 14*s + 4868 = 0. Is s prime?
True
Let f = 4339 + -2498. Is f a composite number?
True
Suppose 365*k = 367*k - 12938. Is k a composite number?
False
Let d = 5590 - -6883. Is d prime?
True
Let j(a) = a**2 + 17*a + 2. Let l = -88 + 58. Let z = l - -38. Is j(z) composite?
True
Let b = 139254 - 79045. Is b prime?
True
Let f(b) be the third derivative of -3*b**2 - 1/120*b**6 + 0 + 3/2*b**3 + 11/60*b**5 + 0*b - 7/24*b**4. Is f(8) composite?
True
Let r(l) = 31*l - 1. Let c be r(9). Suppose 4*p - 18 = c. Suppose -4*d + 314 = -p. Is d a composite number?
False
Let n(l) = 3*l**3 + 5*l**2 + l + 4. Let c be n(4). Let i = 139 + c. Is i a prime number?
True
Suppose 0 = -3*z + 2*q + 32 + 17, q - 23 = -z. Is (z/3)/((-9)/(-27)) a composite number?
False
Let c(f) = -9*f**3 - 14*f**2 - 31*f - 9. Is c(-7) composite?
False
Is (114 + -1)/((-35)/(-385)) a prime number?
False
Is ((-1)/1)/((-34)/260746) a composite number?
False
Let p(i) = 9*i**2 + 2*i. Let x be p(2). Let f = x - 15. Suppose -l + 11 = -4*y - 0*y, 3*y - f = -l. Is l a composite number?
False
Let j(i) = -2*i**3 - 8*i**2 - 5*i - 12. Let m be j(-5). Is 1088 - (m/81 - 4/(-18)) a prime number?
True
Let p(k) = 359*k**2 - 102*k + 944. Is p(11) a composite number?
False
Is (1403 - (2 - 1)) + 45/15 a composite number?
True
Let o be 2080/(-6)*54/(-45). Let j = o - 267. Is j prime?
True
Let t(a) = 188*a**2 - 4*a + 2. Is t(2) a prime number?
F